{"id":731,"date":"2024-12-04T19:37:33","date_gmt":"2024-12-04T19:37:33","guid":{"rendered":"https:\/\/anblue77.id.vn\/?page_id=731"},"modified":"2024-12-09T18:51:07","modified_gmt":"2024-12-09T18:51:07","slug":"khuyen-mai","status":"publish","type":"page","link":"http:\/\/anblue77.id.vn\/index.php\/khuyen-mai\/","title":{"rendered":"Khuy\u1ebfn M\u1ea1i"},"content":{"rendered":"<p><img decoding=\"async\" src=\"http:\/\/anblue77.id.vn\/wp-content\/uploads\/elementor\/thumbs\/z6114564045980_89d9a5edb71cf9928744ef003787d2ce-qy9lgbwwu02ma0qqxhj0p4mv4t8elfsmfxho31sjns.jpg\" title=\"z6114564045980_89d9a5edb71cf9928744ef003787d2ce\" alt=\"z6114564045980_89d9a5edb71cf9928744ef003787d2ce\" loading=\"lazy\" \/>\t\t\t\t\t\t\t\t\t\t\t\t\t<\/p>\n<p>\u00a0<\/p>\n<p style=\"text-align: center;\"><strong style=\"font-family: var( --e-global-typography-text-font-family ), Sans-serif;\">KHUY\u1ebeN M\u1ea0I D\u1ecaP T\u1ebeT\u00a0<\/strong><\/p>\n<p>C\u00e1c ch\u01b0\u01a1ng tr\u00ecnh khuy\u1ebfn m\u1ea1i, qu\u00e0 t\u1eb7ng,&#8230; cho kh\u00e1ch h\u00e0ng th\u00e2n thi\u1ebft v\u00e0 kh\u00e1ch h\u00e0ng m\u1edbi tr\u01b0\u1edbc th\u1ec1m T\u1ebft Nguy\u00ean \u0110\u00e1n.<\/p>\n<p>Chi\u1ebft kh\u1ea5u cho nh\u1eefng \u0111\u01a1n h\u00e0ng s\u1ed1 l\u01b0\u1ee3ng l\u1edbn l\u00ean \u0111\u1ebfn 20%.<\/p>\n<p>*Bao g\u1ed3m: C\u00e1c g\u00f3i qu\u00e0 T\u1ebft, c\u00e1c s\u1ea3n ph\u1ea9m \u0111\u1eb7c bi\u1ec7t li\u00ean quan \u0111\u1ebfn T\u1ebft v\u00e0 c\u00f3 trong danh m\u1ee5c T\u1ebft 2025.<\/p>\n<p>\t\t\t\t\t\t\t\t\t\t\t\t\t<img loading=\"lazy\" decoding=\"async\" width=\"736\" height=\"712\" src=\"http:\/\/anblue77.id.vn\/wp-content\/uploads\/2024\/12\/z6114564912841_82fe09d5248af27353c36f05675e17e1.jpg\" alt=\"\" srcset=\"https:\/\/anblue77.id.vn\/wp-content\/uploads\/2024\/12\/z6114564912841_82fe09d5248af27353c36f05675e17e1.jpg 736w, https:\/\/anblue77.id.vn\/wp-content\/uploads\/2024\/12\/z6114564912841_82fe09d5248af27353c36f05675e17e1-300x290.jpg 300w, https:\/\/anblue77.id.vn\/wp-content\/uploads\/2024\/12\/z6114564912841_82fe09d5248af27353c36f05675e17e1-510x493.jpg 510w\" sizes=\"auto, (max-width: 736px) 100vw, 736px\" \/>\t\t\t\t\t\t\t\t\t\t\t\t\t<\/p>\n<p><strong>BST &#8220;Xu\u00e2n an l\u00e0nh, T\u1ebft \u1ea5m no 2025&#8221;<\/strong><\/p>\n<p>\t\t\t\t\t\t\t\t\t\t\t\t\t<img loading=\"lazy\" decoding=\"async\" width=\"735\" height=\"490\" src=\"http:\/\/anblue77.id.vn\/wp-content\/uploads\/2024\/12\/z6114568190333_ef71c02585824e0ac90dcf9123cd8f79.jpg\" alt=\"\" srcset=\"https:\/\/anblue77.id.vn\/wp-content\/uploads\/2024\/12\/z6114568190333_ef71c02585824e0ac90dcf9123cd8f79.jpg 735w, https:\/\/anblue77.id.vn\/wp-content\/uploads\/2024\/12\/z6114568190333_ef71c02585824e0ac90dcf9123cd8f79-300x200.jpg 300w, https:\/\/anblue77.id.vn\/wp-content\/uploads\/2024\/12\/z6114568190333_ef71c02585824e0ac90dcf9123cd8f79-510x340.jpg 510w\" sizes=\"auto, (max-width: 735px) 100vw, 735px\" \/>\t\t\t\t\t\t\t\t\t\t\t\t\t<\/p>\n<p><strong>BST &#8220;Tr\u1ecdn v\u1ecb T\u1ebft c\u00f9ng B\u00ecnh \u0110\u1ecbnh Essence&#8221;<\/strong><\/p>\n<p>\u00a0<\/p>\n<p style=\"text-align: center;\"><strong>KHUY\u1ebeN M\u1ea0I THEO S\u1ef0 KI\u1ec6N\u00a0<\/strong><\/p>\n<p>Ch\u01b0\u01a1ng tr\u00ecnh gi\u1edbi thi\u1ec7u s\u1ea3n ph\u1ea9m m\u1edbi: Khi ra m\u1eaft s\u1ea3n ph\u1ea9m m\u1edbi, kh\u00e1ch h\u00e0ng s\u1ebd \u0111\u01b0\u1ee3c gi\u1ea3m gi\u00e1 ho\u1eb7c t\u1eb7ng qu\u00e0 cho kh\u00e1ch h\u00e0ng trong th\u00e1ng \u0111\u1ea7u ti\u00ean.<\/p>\n<p>S\u1ef1 ki\u1ec7n sinh nh\u1eadt &#8220;B\u00ccNH \u0110\u1ecaNH ESSENCE&#8221; th\u00e1ng 10 h\u1eb1ng n\u0103m: C\u00e1c kh\u00e1ch h\u00e0ng s\u1ebd \u0111\u01b0\u1ee3c \u01b0u \u0111\u00e3i \u0111\u1ebfn 50% v\u00e0 c\u00e1c ch\u01b0\u01a1ng tr\u00ecnh khuy\u1ebfn m\u1ea1i \u0111\u01b0\u1ee3c di\u1ec5n ra v\u00e0o th\u00e1ng ra \u0111\u1eddi c\u1ee7a B\u00ccNH \u0110\u1ecaNH ESSENCE.<\/p>\n","protected":false},"excerpt":{"rendered":"<p>\u00a0 KHUY\u1ebeN M\u1ea0I D\u1ecaP T\u1ebeT\u00a0 C\u00e1c ch\u01b0\u01a1ng tr\u00ecnh khuy\u1ebfn m\u1ea1i, qu\u00e0 t\u1eb7ng,&#8230; cho kh\u00e1ch h\u00e0ng th\u00e2n thi\u1ebft v\u00e0 kh\u00e1ch h\u00e0ng m\u1edbi tr\u01b0\u1edbc th\u1ec1m T\u1ebft Nguy\u00ean \u0110\u00e1n. Chi\u1ebft kh\u1ea5u cho nh\u1eefng \u0111\u01a1n h\u00e0ng s\u1ed1 l\u01b0\u1ee3ng l\u1edbn l\u00ean \u0111\u1ebfn 20%. *Bao g\u1ed3m: C\u00e1c g\u00f3i qu\u00e0 T\u1ebft, c\u00e1c s\u1ea3n ph\u1ea9m \u0111\u1eb7c bi\u1ec7t li\u00ean quan \u0111\u1ebfn T\u1ebft v\u00e0 c\u00f3 [&#8230;]\n","protected":false},"author":1,"featured_media":0,"parent":0,"menu_order":0,"comment_status":"closed","ping_status":"closed","template":"","meta":{"footnotes":""},"class_list":["post-731","page","type-page","status-publish","hentry"],"_links":{"self":[{"href":"http:\/\/anblue77.id.vn\/index.php\/wp-json\/wp\/v2\/pages\/731","targetHints":{"allow":["GET"]}}],"collection":[{"href":"http:\/\/anblue77.id.vn\/index.php\/wp-json\/wp\/v2\/pages"}],"about":[{"href":"http:\/\/anblue77.id.vn\/index.php\/wp-json\/wp\/v2\/types\/page"}],"author":[{"embeddable":true,"href":"http:\/\/anblue77.id.vn\/index.php\/wp-json\/wp\/v2\/users\/1"}],"replies":[{"embeddable":true,"href":"http:\/\/anblue77.id.vn\/index.php\/wp-json\/wp\/v2\/comments?post=731"}],"version-history":[{"count":142,"href":"http:\/\/anblue77.id.vn\/index.php\/wp-json\/wp\/v2\/pages\/731\/revisions"}],"predecessor-version":[{"id":1570,"href":"http:\/\/anblue77.id.vn\/index.php\/wp-json\/wp\/v2\/pages\/731\/revisions\/1570"}],"wp:attachment":[{"href":"http:\/\/anblue77.id.vn\/index.php\/wp-json\/wp\/v2\/media?parent=731"}],"curies":[{"name":"wp","href":"https:\/\/api.w.org\/{rel}","templated":true}]}}